
{"version":"1.0","provider_name":"africaatual.com.br","provider_url":"https:\/\/africaatual.com.br","title":"Senegal celebra 10 anos do \"Monumento da Renascen\u00e7a Africana\". - africaatual.com.br","type":"rich","width":600,"height":338,"html":"<blockquote class=\"wp-embedded-content\" data-secret=\"ulfWs6qct4\"><a href=\"https:\/\/africaatual.com.br\/index.php\/2020\/03\/24\/african-news\/\">Senegal celebra 10 anos do &#8220;Monumento da Renascen\u00e7a Africana&#8221;.<\/a><\/blockquote><iframe sandbox=\"allow-scripts\" security=\"restricted\" src=\"https:\/\/africaatual.com.br\/index.php\/2020\/03\/24\/african-news\/embed\/#?secret=ulfWs6qct4\" width=\"600\" height=\"338\" title=\"&#8220;Senegal celebra 10 anos do &#8220;Monumento da Renascen\u00e7a Africana&#8221;.&#8221; &#8212; africaatual.com.br\" data-secret=\"ulfWs6qct4\" frameborder=\"0\" marginwidth=\"0\" marginheight=\"0\" scrolling=\"no\" class=\"wp-embedded-content\"><\/iframe><script>\n\/*! This file is auto-generated *\/\n!function(d,l){\"use strict\";l.querySelector&&d.addEventListener&&\"undefined\"!=typeof URL&&(d.wp=d.wp||{},d.wp.receiveEmbedMessage||(d.wp.receiveEmbedMessage=function(e){var t=e.data;if((t||t.secret||t.message||t.value)&&!\/[^a-zA-Z0-9]\/.test(t.secret)){for(var s,r,n,a=l.querySelectorAll('iframe[data-secret=\"'+t.secret+'\"]'),o=l.querySelectorAll('blockquote[data-secret=\"'+t.secret+'\"]'),c=new RegExp(\"^https?:$\",\"i\"),i=0;i<o.length;i++)o[i].style.display=\"none\";for(i=0;i<a.length;i++)s=a[i],e.source===s.contentWindow&&(s.removeAttribute(\"style\"),\"height\"===t.message?(1e3<(r=parseInt(t.value,10))?r=1e3:~~r<200&&(r=200),s.height=r):\"link\"===t.message&&(r=new URL(s.getAttribute(\"src\")),n=new URL(t.value),c.test(n.protocol))&&n.host===r.host&&l.activeElement===s&&(d.top.location.href=t.value))}},d.addEventListener(\"message\",d.wp.receiveEmbedMessage,!1),l.addEventListener(\"DOMContentLoaded\",function(){for(var e,t,s=l.querySelectorAll(\"iframe.wp-embedded-content\"),r=0;r<s.length;r++)(t=(e=s[r]).getAttribute(\"data-secret\"))||(t=Math.random().toString(36).substring(2,12),e.src+=\"#?secret=\"+t,e.setAttribute(\"data-secret\",t)),e.contentWindow.postMessage({message:\"ready\",secret:t},\"*\")},!1)))}(window,document);\n<\/script>\n","thumbnail_url":"https:\/\/africaatual.com.br\/wp-content\/uploads\/2020\/03\/Monumento-da-Renascenca04-768x461.png","thumbnail_width":600,"thumbnail_height":360,"description":"\u00a0 O Monumento da Renascen\u00e7a Africana \u00e9 um gigantesco monumento estatu\u00e1rio de bronze que representa os 50 anos da independ\u00eancia do Senegal, localizado na cidade de Dakar. Conta com 49 metros de altura e custou US$ 27 milh\u00f5es. O Monumento da Renascen\u00e7a Africana no topo de uma das duas colinas g\u00e9meas chamadas Collines des Mamelles, nos arredores de Dakar. Com vista sobre o oceano Atl\u00e2ntico, no sub\u00farbio de Ouakam, foi desenhado pelo arquiteto senegal\u00eas Pierre Goudiaby segundouma sugest\u00e3o apresentada pelo presidente Abdoulaye Wade, e constru\u00eddo por uma empresa da Coreia do Norte. O arranque das obras preparat\u00f3rias deu-se no topo da colina de 100 m de altitude em 2006, e a constru\u00e7\u00e3o da est\u00e1tua de bronze come\u00e7ou 3 de abril de 2008. O plano original previa o fim da constru\u00e7\u00e3o em 2009, mas v\u00e1rios atrasos fizeram com que fosse terminada em 2010, e em 4 de abril de 2010, no dia nacional do Senegal, foi inaugurada, para coincidir com o 50.\u00ba anivers\u00e1rio da independ\u00eancia senegalesa. \u00c9 a mais alta est\u00e1tua do mundo fora da \u00c1sia e da antiga Uni\u00e3o Sovi\u00e9tica, sendo muito criticada pelo esbanjamento num pa\u00eds pobre, pois custou 27 milh\u00f5es de d\u00f3lares, e tamb\u00e9m pelo estilo estalinista de inspira\u00e7\u00e3o norte-coreana, com figuras semi-despidas com tra\u00e7os n\u00e3o africanos, algo n\u00e3o apreciado num pa\u00eds africano de maioria mu\u00e7ulmana. Fonte: httpsss:\/\/eber-chaves.blogspot.com\/2014\/11\/monumento-da-renascenca-africana-senegal.html"}

Senegal celebra 10 anos do "Monumento da Renascença Africana". - africaatual.com.br

<blockquote class="wp-embedded-content" data-secret="ulfWs6qct4"><a href="https://africaatual.com.br/index.php/2020/03/24/african-news/">Senegal celebra 10 anos do &#8220;Monumento da Renascença Africana&#8221;.</a></blockquote><iframe sandbox="allow-scripts" security="restricted" src="https://africaatual.com.br/index.php/2020/03/24/african-news/embed/#?secret=ulfWs6qct4" width="600" height="338" title="&#8220;Senegal celebra 10 anos do &#8220;Monumento da Renascença Africana&#8221;.&#8221; &#8212; africaatual.com.br" data-secret="ulfWs6qct4" frameborder="0" marginwidth="0" marginheight="0" scrolling="no" class="wp-embedded-content"></iframe><script>
/*! This file is auto-generated */
!function(d,l){"use strict";l.querySelector&&d.addEventListener&&"undefined"!=typeof URL&&(d.wp=d.wp||{},d.wp.receiveEmbedMessage||(d.wp.receiveEmbedMessage=function(e){var t=e.data;if((t||t.secret||t.message||t.value)&&!/[^a-zA-Z0-9]/.test(t.secret)){for(var s,r,n,a=l.querySelectorAll('iframe[data-secret="'+t.secret+'"]'),o=l.querySelectorAll('blockquote[data-secret="'+t.secret+'"]'),c=new RegExp("^https?:$","i"),i=0;i<o.length;i++)o[i].style.display="none";for(i=0;i<a.length;i++)s=a[i],e.source===s.contentWindow&&(s.removeAttribute("style"),"height"===t.message?(1e3<(r=parseInt(t.value,10))?r=1e3:~~r<200&&(r=200),s.height=r):"link"===t.message&&(r=new URL(s.getAttribute("src")),n=new URL(t.value),c.test(n.protocol))&&n.host===r.host&&l.activeElement===s&&(d.top.location.href=t.value))}},d.addEventListener("message",d.wp.receiveEmbedMessage,!1),l.addEventListener("DOMContentLoaded",function(){for(var e,t,s=l.querySelectorAll("iframe.wp-embedded-content"),r=0;r<s.length;r++)(t=(e=s[r]).getAttribute("data-secret"))||(t=Math.random().toString(36).substring(2,12),e.src+="#?secret="+t,e.setAttribute("data-secret",t)),e.contentWindow.postMessage({message:"ready",secret:t},"*")},!1)))}(window,document);
</script>

O Monumento da Renascença Africana é um gigantesco monumento estatuário de bronze que representa os 50 anos da independência do Senegal, localizado na cidade de Dakar. Conta com 49 metros de altura e custou US$ 27 milhões. O Monumento da Renascença Africana no topo de uma das duas colinas gémeas chamadas Collines des Mamelles, nos arredores de Dakar. Com vista sobre o oceano Atlântico, no subúrbio de Ouakam, foi desenhado pelo arquiteto senegalês Pierre Goudiaby segundouma sugestão apresentada pelo presidente Abdoulaye Wade, e construído por uma empresa da Coreia do Norte. O arranque das obras preparatórias deu-se no topo da colina de 100 m de altitude em 2006, e a construção da estátua de bronze começou 3 de abril de 2008. O plano original previa o fim da construção em 2009, mas vários atrasos fizeram com que fosse terminada em 2010, e em 4 de abril de 2010, no dia nacional do Senegal, foi inaugurada, para coincidir com o 50.º aniversário da independência senegalesa. É a mais alta estátua do mundo fora da Ásia e da antiga União Soviética, sendo muito criticada pelo esbanjamento num país pobre, pois custou 27 milhões de dólares, e também pelo estilo estalinista de inspiração norte-coreana, com figuras semi-despidas com traços não africanos, algo não apreciado num país africano de maioria muçulmana. Fonte: httpsss://eber-chaves.blogspot.com/2014/11/monumento-da-renascenca-africana-senegal.html
