
{"version":"1.0","provider_name":"africaatual.com.br","provider_url":"https:\/\/africaatual.com.br","title":"Ruanda: Volkswagen inaugura f\u00e1brica - africaatual.com.br","type":"rich","width":600,"height":338,"html":"<blockquote class=\"wp-embedded-content\" data-secret=\"L3SvCx8jI7\"><a href=\"https:\/\/africaatual.com.br\/index.php\/2020\/03\/24\/african-news-2\/\">Ruanda: Volkswagen inaugura f\u00e1brica<\/a><\/blockquote><iframe sandbox=\"allow-scripts\" security=\"restricted\" src=\"https:\/\/africaatual.com.br\/index.php\/2020\/03\/24\/african-news-2\/embed\/#?secret=L3SvCx8jI7\" width=\"600\" height=\"338\" title=\"&#8220;Ruanda: Volkswagen inaugura f\u00e1brica&#8221; &#8212; africaatual.com.br\" data-secret=\"L3SvCx8jI7\" frameborder=\"0\" marginwidth=\"0\" marginheight=\"0\" scrolling=\"no\" class=\"wp-embedded-content\"><\/iframe><script>\n\/*! This file is auto-generated *\/\n!function(d,l){\"use strict\";l.querySelector&&d.addEventListener&&\"undefined\"!=typeof URL&&(d.wp=d.wp||{},d.wp.receiveEmbedMessage||(d.wp.receiveEmbedMessage=function(e){var t=e.data;if((t||t.secret||t.message||t.value)&&!\/[^a-zA-Z0-9]\/.test(t.secret)){for(var s,r,n,a=l.querySelectorAll('iframe[data-secret=\"'+t.secret+'\"]'),o=l.querySelectorAll('blockquote[data-secret=\"'+t.secret+'\"]'),c=new RegExp(\"^https?:$\",\"i\"),i=0;i<o.length;i++)o[i].style.display=\"none\";for(i=0;i<a.length;i++)s=a[i],e.source===s.contentWindow&&(s.removeAttribute(\"style\"),\"height\"===t.message?(1e3<(r=parseInt(t.value,10))?r=1e3:~~r<200&&(r=200),s.height=r):\"link\"===t.message&&(r=new URL(s.getAttribute(\"src\")),n=new URL(t.value),c.test(n.protocol))&&n.host===r.host&&l.activeElement===s&&(d.top.location.href=t.value))}},d.addEventListener(\"message\",d.wp.receiveEmbedMessage,!1),l.addEventListener(\"DOMContentLoaded\",function(){for(var e,t,s=l.querySelectorAll(\"iframe.wp-embedded-content\"),r=0;r<s.length;r++)(t=(e=s[r]).getAttribute(\"data-secret\"))||(t=Math.random().toString(36).substring(2,12),e.src+=\"#?secret=\"+t,e.setAttribute(\"data-secret\",t)),e.contentWindow.postMessage({message:\"ready\",secret:t},\"*\")},!1)))}(window,document);\n<\/script>\n","thumbnail_url":"https:\/\/africaatual.com.br\/wp-content\/uploads\/2020\/03\/X_noticia_27658-768x448.jpg","thumbnail_width":600,"thumbnail_height":350,"description":"Investimento local de US$ 20 milh\u00f5es inclui montagem do Polo e Passat, mais programa de compartilhamento A&nbsp;Volkswagen&nbsp;inaugurou sua primeira linha de montagem em&nbsp;Ruanda, na \u00c1frica, com capacidade para at\u00e9 5 mil carros por ano. A produ\u00e7\u00e3o come\u00e7a com os modelos Polo e Passat. A opera\u00e7\u00e3o local inclui n\u00e3o s\u00f3 montagem de carros, mas tamb\u00e9m o compartilhamento de ve\u00edculos e um ponto de vendas e servi\u00e7os. O investimento previsto em uma primeira fase \u00e9 de US$ 20 milh\u00f5es, com a expectativa de gerar mil empregos locais. \u201cRuanda \u00e9 um pa\u00eds jovem e \u00e1vido por mobilidade individual. Com um pacote adaptado \u00e0 regi\u00e3o, com produ\u00e7\u00e3o local e servi\u00e7os de mobilidade inovadores, vamos aproveitar as oportunidades de crescimento. O pa\u00eds pode se tornar um modelo para outros da \u00c1frica e para mercados emergentes\u201d, afirma o CEO do Grupo Volkswagen para a \u00c1frica do Sul, Thomas Sch\u00e4fer. De acordo com o grupo alem\u00e3o, o compartilhamento de carros estar\u00e1 baseado em aplicativos. O projeto come\u00e7a com empresas situadas na capital Kigali. A Volkswagen afirma que Ruanda \u00e9 o mercado ideal para solu\u00e7\u00f5es de mobilidade porque sua popula\u00e7\u00e3o \u00e9 bem informada sobre tecnologia digital. Al\u00e9m de Ruanda, a Volkswagen j\u00e1 atua na \u00c1frica do Sul, Nig\u00e9ria, Qu\u00eania e Arg\u00e9lia. Em sua estrat\u00e9gia de m\u00e9dio prazo Transform 2025+, a companhia est\u00e1 fortalecendo as regi\u00f5es consolidadas e se concentrando em novos mercados em ascens\u00e3o. \u201cObviamente, existem alguns desafios, mas tamb\u00e9m h\u00e1 grandes oportunidades no continente africano. Come\u00e7ando com opera\u00e7\u00f5es menores, podemos aprender e responder de forma flex\u00edvel aos desenvolvimentos\u201d, conclui Sch\u00e4fer. Fonte? httpsss:\/\/www.automotivebusiness.com.br\/noticia\/27658\/volkswagen-inaugura-fabrica-em-ruanda"}

Ruanda: Volkswagen inaugura fábrica - africaatual.com.br

<blockquote class="wp-embedded-content" data-secret="L3SvCx8jI7"><a href="https://africaatual.com.br/index.php/2020/03/24/african-news-2/">Ruanda: Volkswagen inaugura fábrica</a></blockquote><iframe sandbox="allow-scripts" security="restricted" src="https://africaatual.com.br/index.php/2020/03/24/african-news-2/embed/#?secret=L3SvCx8jI7" width="600" height="338" title="&#8220;Ruanda: Volkswagen inaugura fábrica&#8221; &#8212; africaatual.com.br" data-secret="L3SvCx8jI7" frameborder="0" marginwidth="0" marginheight="0" scrolling="no" class="wp-embedded-content"></iframe><script>
/*! This file is auto-generated */
!function(d,l){"use strict";l.querySelector&&d.addEventListener&&"undefined"!=typeof URL&&(d.wp=d.wp||{},d.wp.receiveEmbedMessage||(d.wp.receiveEmbedMessage=function(e){var t=e.data;if((t||t.secret||t.message||t.value)&&!/[^a-zA-Z0-9]/.test(t.secret)){for(var s,r,n,a=l.querySelectorAll('iframe[data-secret="'+t.secret+'"]'),o=l.querySelectorAll('blockquote[data-secret="'+t.secret+'"]'),c=new RegExp("^https?:$","i"),i=0;i<o.length;i++)o[i].style.display="none";for(i=0;i<a.length;i++)s=a[i],e.source===s.contentWindow&&(s.removeAttribute("style"),"height"===t.message?(1e3<(r=parseInt(t.value,10))?r=1e3:~~r<200&&(r=200),s.height=r):"link"===t.message&&(r=new URL(s.getAttribute("src")),n=new URL(t.value),c.test(n.protocol))&&n.host===r.host&&l.activeElement===s&&(d.top.location.href=t.value))}},d.addEventListener("message",d.wp.receiveEmbedMessage,!1),l.addEventListener("DOMContentLoaded",function(){for(var e,t,s=l.querySelectorAll("iframe.wp-embedded-content"),r=0;r<s.length;r++)(t=(e=s[r]).getAttribute("data-secret"))||(t=Math.random().toString(36).substring(2,12),e.src+="#?secret="+t,e.setAttribute("data-secret",t)),e.contentWindow.postMessage({message:"ready",secret:t},"*")},!1)))}(window,document);
</script>

Investimento local de US$ 20 milhões inclui montagem do Polo e Passat, mais programa de compartilhamento A&nbsp;Volkswagen&nbsp;inaugurou sua primeira linha de montagem em&nbsp;Ruanda, na África, com capacidade para até 5 mil carros por ano. A produção começa com os modelos Polo e Passat. A operação local inclui não só montagem de carros, mas também o compartilhamento de veículos e um ponto de vendas e serviços. O investimento previsto em uma primeira fase é de US$ 20 milhões, com a expectativa de gerar mil empregos locais. “Ruanda é um país jovem e ávido por mobilidade individual. Com um pacote adaptado à região, com produção local e serviços de mobilidade inovadores, vamos aproveitar as oportunidades de crescimento. O país pode se tornar um modelo para outros da África e para mercados emergentes”, afirma o CEO do Grupo Volkswagen para a África do Sul, Thomas Schäfer. De acordo com o grupo alemão, o compartilhamento de carros estará baseado em aplicativos. O projeto começa com empresas situadas na capital Kigali. A Volkswagen afirma que Ruanda é o mercado ideal para soluções de mobilidade porque sua população é bem informada sobre tecnologia digital. Além de Ruanda, a Volkswagen já atua na África do Sul, Nigéria, Quênia e Argélia. Em sua estratégia de médio prazo Transform 2025+, a companhia está fortalecendo as regiões consolidadas e se concentrando em novos mercados em ascensão. “Obviamente, existem alguns desafios, mas também há grandes oportunidades no continente africano. Começando com operações menores, podemos aprender e responder de forma flexível aos desenvolvimentos”, conclui Schäfer. Fonte? httpsss://www.automotivebusiness.com.br/noticia/27658/volkswagen-inaugura-fabrica-em-ruanda
