
{"version":"1.0","provider_name":"africaatual.com.br","provider_url":"https:\/\/africaatual.com.br","title":"Espa\u00e7o Afro Empresarial: Inaugura\u00e7\u00e3o - africaatual.com.br","type":"rich","width":600,"height":338,"html":"<blockquote class=\"wp-embedded-content\" data-secret=\"rRZw1ZUama\"><a href=\"https:\/\/africaatual.com.br\/index.php\/2022\/03\/25\/espaco-afro-empresarial-inauguracao\/\">Espa\u00e7o Afro Empresarial: Inaugura\u00e7\u00e3o<\/a><\/blockquote><iframe sandbox=\"allow-scripts\" security=\"restricted\" src=\"https:\/\/africaatual.com.br\/index.php\/2022\/03\/25\/espaco-afro-empresarial-inauguracao\/embed\/#?secret=rRZw1ZUama\" width=\"600\" height=\"338\" title=\"&#8220;Espa\u00e7o Afro Empresarial: Inaugura\u00e7\u00e3o&#8221; &#8212; africaatual.com.br\" data-secret=\"rRZw1ZUama\" frameborder=\"0\" marginwidth=\"0\" marginheight=\"0\" scrolling=\"no\" class=\"wp-embedded-content\"><\/iframe><script>\n\/*! This file is auto-generated *\/\n!function(d,l){\"use strict\";l.querySelector&&d.addEventListener&&\"undefined\"!=typeof URL&&(d.wp=d.wp||{},d.wp.receiveEmbedMessage||(d.wp.receiveEmbedMessage=function(e){var t=e.data;if((t||t.secret||t.message||t.value)&&!\/[^a-zA-Z0-9]\/.test(t.secret)){for(var s,r,n,a=l.querySelectorAll('iframe[data-secret=\"'+t.secret+'\"]'),o=l.querySelectorAll('blockquote[data-secret=\"'+t.secret+'\"]'),c=new RegExp(\"^https?:$\",\"i\"),i=0;i<o.length;i++)o[i].style.display=\"none\";for(i=0;i<a.length;i++)s=a[i],e.source===s.contentWindow&&(s.removeAttribute(\"style\"),\"height\"===t.message?(1e3<(r=parseInt(t.value,10))?r=1e3:~~r<200&&(r=200),s.height=r):\"link\"===t.message&&(r=new URL(s.getAttribute(\"src\")),n=new URL(t.value),c.test(n.protocol))&&n.host===r.host&&l.activeElement===s&&(d.top.location.href=t.value))}},d.addEventListener(\"message\",d.wp.receiveEmbedMessage,!1),l.addEventListener(\"DOMContentLoaded\",function(){for(var e,t,s=l.querySelectorAll(\"iframe.wp-embedded-content\"),r=0;r<s.length;r++)(t=(e=s[r]).getAttribute(\"data-secret\"))||(t=Math.random().toString(36).substring(2,12),e.src+=\"#?secret=\"+t,e.setAttribute(\"data-secret\",t)),e.contentWindow.postMessage({message:\"ready\",secret:t},\"*\")},!1)))}(window,document);\n<\/script>\n","thumbnail_url":"httpsss:\/\/africaatual.com.br\/wp-content\/uploads\/2022\/03\/AFRO-EMPRESARIAL-jpg.jpg","thumbnail_width":null,"thumbnail_height":null,"description":"\u203c\ufe0f IMPORTANTE -Vale a pena ler tudo! Embora o mais importante \u00e9 voc\u00ea clicar no link abaixo para garantir a sua vaga. S\u00e3o apenas 50 vagas dispon\u00edveis para mais de 300 pessoas que ter\u00e3o acesso a esse convite. \u27a1\ufe0f bit.ly\/inaugura-eae Sabe aquele momento do gol t\u00e3o esperado na final da copa do mundo \u26bd\ud83e\udd45\ud83c\udfc6\u2026 ou aquele momento onde jogamos o capelo (chapeuzinho de formatura) para o alto finalizando a nossa formatura\u2026!? \ud83c\udf93\ud83d\udc68\ud83c\udffe\u200d\ud83c\udf93 Pois \u00e9, estamos prestes a marcar esse gol, materializarmos o que nossos ancestrais um dia sonharam para seus descendentes\ud83d\ude03. Que somos n\u00f3s\u203c\ufe0f\ud83d\ude4c\ud83c\udffe Estaremos inaugurando um espa\u00e7o afrocentrado, chamado ESPA\u00c7O AFRO EMPRESARIAL, no dia \ud83d\uddd3\ufe0f 29.03.2022 \u00e0s \ud83d\udd5619h. Imagine-se fechando neg\u00f3cios em um ambiente com a sua cara, ou melhor, com a nossa cara! \ud83d\ude0e \u2705 Ambiente tem\u00e1tico onde voc\u00ea pode receber apoio com orienta\u00e7\u00f5es\/direcionamento sobre seu neg\u00f3cio. \u2705 Fazer seus eventos, num espa\u00e7o que te representa! \u2705 E levar pessoas para experimentarem o nosso jeito de fazer networking\/neg\u00f3cios\/educa\u00e7\u00e3o\/arte e muito mais! N\u00e3o acontecer\u00e1 mais de voc\u00ea fazer o teste do pesco\u00e7o e se sentir s\u00f3. \ud83d\ude4f\ud83c\udffe\ud83d\ude03 Essa \u00e9 a proposta do ESPA\u00c7O AFRO EMPRESARIAL. Um espa\u00e7o UBUNTU, onde REAFRO, Prefeitura de Hortol\u00e2ndia e Shopping Center Hortol\u00e2ndia se uniram para prover esse movimento que se inicia no dia 29.03.2022 \u00e0s 19h. Esse espa\u00e7o ser\u00e1 din\u00e2mico e vers\u00e1til para se adaptar \u00e0s necessidades de cada empreendedor que quiser usufruir dele. E marcar aquele gol de placa! Ou seja, ele ser\u00e1 constru\u00eddo a cada intera\u00e7\u00e3o, com a sua contribui\u00e7\u00e3o! \ud83e\udd1d Temos apenas 50 vagas para quem quer fazer parte deste momento hist\u00f3rico. Voc\u00ea far\u00e1 parte? Ent\u00e3o n\u00e3o perca tempo, garanta sua vaga clicando no link abaixo e garantir sua vaga. \ud83c\udfc3\ud83c\udffe\ud83c\udfc3\ud83c\udffe\u200d\u2640\ufe0f \u27a1\ufe0f bit.ly\/inaugura-eae Voc\u00ea \u00e9 muito importante e sua presen\u00e7a ajudar\u00e1 mostrar a for\u00e7a que temos em grupo. Te vejo l\u00e1!"}

Espaço Afro Empresarial: Inauguração - africaatual.com.br

<blockquote class="wp-embedded-content" data-secret="rRZw1ZUama"><a href="https://africaatual.com.br/index.php/2022/03/25/espaco-afro-empresarial-inauguracao/">Espaço Afro Empresarial: Inauguração</a></blockquote><iframe sandbox="allow-scripts" security="restricted" src="https://africaatual.com.br/index.php/2022/03/25/espaco-afro-empresarial-inauguracao/embed/#?secret=rRZw1ZUama" width="600" height="338" title="&#8220;Espaço Afro Empresarial: Inauguração&#8221; &#8212; africaatual.com.br" data-secret="rRZw1ZUama" frameborder="0" marginwidth="0" marginheight="0" scrolling="no" class="wp-embedded-content"></iframe><script>
/*! This file is auto-generated */
!function(d,l){"use strict";l.querySelector&&d.addEventListener&&"undefined"!=typeof URL&&(d.wp=d.wp||{},d.wp.receiveEmbedMessage||(d.wp.receiveEmbedMessage=function(e){var t=e.data;if((t||t.secret||t.message||t.value)&&!/[^a-zA-Z0-9]/.test(t.secret)){for(var s,r,n,a=l.querySelectorAll('iframe[data-secret="'+t.secret+'"]'),o=l.querySelectorAll('blockquote[data-secret="'+t.secret+'"]'),c=new RegExp("^https?:$","i"),i=0;i<o.length;i++)o[i].style.display="none";for(i=0;i<a.length;i++)s=a[i],e.source===s.contentWindow&&(s.removeAttribute("style"),"height"===t.message?(1e3<(r=parseInt(t.value,10))?r=1e3:~~r<200&&(r=200),s.height=r):"link"===t.message&&(r=new URL(s.getAttribute("src")),n=new URL(t.value),c.test(n.protocol))&&n.host===r.host&&l.activeElement===s&&(d.top.location.href=t.value))}},d.addEventListener("message",d.wp.receiveEmbedMessage,!1),l.addEventListener("DOMContentLoaded",function(){for(var e,t,s=l.querySelectorAll("iframe.wp-embedded-content"),r=0;r<s.length;r++)(t=(e=s[r]).getAttribute("data-secret"))||(t=Math.random().toString(36).substring(2,12),e.src+="#?secret="+t,e.setAttribute("data-secret",t)),e.contentWindow.postMessage({message:"ready",secret:t},"*")},!1)))}(window,document);
</script>

‼️ IMPORTANTE -Vale a pena ler tudo! Embora o mais importante é você clicar no link abaixo para garantir a sua vaga. São apenas 50 vagas disponíveis para mais de 300 pessoas que terão acesso a esse convite. ➡️ bit.ly/inaugura-eae Sabe aquele momento do gol tão esperado na final da copa do mundo ⚽🥅🏆… ou aquele momento onde jogamos o capelo (chapeuzinho de formatura) para o alto finalizando a nossa formatura…!? 🎓👨🏾‍🎓 Pois é, estamos prestes a marcar esse gol, materializarmos o que nossos ancestrais um dia sonharam para seus descendentes😃. Que somos nós‼️🙌🏾 Estaremos inaugurando um espaço afrocentrado, chamado ESPAÇO AFRO EMPRESARIAL, no dia 🗓️ 29.03.2022 às 🕖19h. Imagine-se fechando negócios em um ambiente com a sua cara, ou melhor, com a nossa cara! 😎 ✅ Ambiente temático onde você pode receber apoio com orientações/direcionamento sobre seu negócio. ✅ Fazer seus eventos, num espaço que te representa! ✅ E levar pessoas para experimentarem o nosso jeito de fazer networking/negócios/educação/arte e muito mais! Não acontecerá mais de você fazer o teste do pescoço e se sentir só. 🙏🏾😃 Essa é a proposta do ESPAÇO AFRO EMPRESARIAL. Um espaço UBUNTU, onde REAFRO, Prefeitura de Hortolândia e Shopping Center Hortolândia se uniram para prover esse movimento que se inicia no dia 29.03.2022 às 19h. Esse espaço será dinâmico e versátil para se adaptar às necessidades de cada empreendedor que quiser usufruir dele. E marcar aquele gol de placa! Ou seja, ele será construído a cada interação, com a sua contribuição! 🤝 Temos apenas 50 vagas para quem quer fazer parte deste momento histórico. Você fará parte? Então não perca tempo, garanta sua vaga clicando no link abaixo e garantir sua vaga. 🏃🏾🏃🏾‍♀️ ➡️ bit.ly/inaugura-eae Você é muito importante e sua presença ajudará mostrar a força que temos em grupo. Te vejo lá!
