
{"version":"1.0","provider_name":"africaatual.com.br","provider_url":"https:\/\/africaatual.com.br","title":"Homenagem ao \"Dia Internacional da \u00c1frica\" - africaatual.com.br","type":"rich","width":600,"height":338,"html":"<blockquote class=\"wp-embedded-content\" data-secret=\"avBHjIr1m9\"><a href=\"https:\/\/africaatual.com.br\/index.php\/2022\/05\/19\/homenagem-ao-dia-internacional-da-africa\/\">Homenagem ao &#8220;Dia Internacional da \u00c1frica&#8221;<\/a><\/blockquote><iframe sandbox=\"allow-scripts\" security=\"restricted\" src=\"https:\/\/africaatual.com.br\/index.php\/2022\/05\/19\/homenagem-ao-dia-internacional-da-africa\/embed\/#?secret=avBHjIr1m9\" width=\"600\" height=\"338\" title=\"&#8220;Homenagem ao &#8220;Dia Internacional da \u00c1frica&#8221;&#8221; &#8212; africaatual.com.br\" data-secret=\"avBHjIr1m9\" frameborder=\"0\" marginwidth=\"0\" marginheight=\"0\" scrolling=\"no\" class=\"wp-embedded-content\"><\/iframe><script>\n\/*! This file is auto-generated *\/\n!function(d,l){\"use strict\";l.querySelector&&d.addEventListener&&\"undefined\"!=typeof URL&&(d.wp=d.wp||{},d.wp.receiveEmbedMessage||(d.wp.receiveEmbedMessage=function(e){var t=e.data;if((t||t.secret||t.message||t.value)&&!\/[^a-zA-Z0-9]\/.test(t.secret)){for(var s,r,n,a=l.querySelectorAll('iframe[data-secret=\"'+t.secret+'\"]'),o=l.querySelectorAll('blockquote[data-secret=\"'+t.secret+'\"]'),c=new RegExp(\"^https?:$\",\"i\"),i=0;i<o.length;i++)o[i].style.display=\"none\";for(i=0;i<a.length;i++)s=a[i],e.source===s.contentWindow&&(s.removeAttribute(\"style\"),\"height\"===t.message?(1e3<(r=parseInt(t.value,10))?r=1e3:~~r<200&&(r=200),s.height=r):\"link\"===t.message&&(r=new URL(s.getAttribute(\"src\")),n=new URL(t.value),c.test(n.protocol))&&n.host===r.host&&l.activeElement===s&&(d.top.location.href=t.value))}},d.addEventListener(\"message\",d.wp.receiveEmbedMessage,!1),l.addEventListener(\"DOMContentLoaded\",function(){for(var e,t,s=l.querySelectorAll(\"iframe.wp-embedded-content\"),r=0;r<s.length;r++)(t=(e=s[r]).getAttribute(\"data-secret\"))||(t=Math.random().toString(36).substring(2,12),e.src+=\"#?secret=\"+t,e.setAttribute(\"data-secret\",t)),e.contentWindow.postMessage({message:\"ready\",secret:t},\"*\")},!1)))}(window,document);\n<\/script>\n","thumbnail_url":"httpsss:\/\/africaatual.com.br\/wp-content\/uploads\/2022\/05\/CONVITE-EVENTO-DIA-INTERNACIONAL-DA-AFRICA-jpg-723x1024.jpg","thumbnail_width":null,"thumbnail_height":null,"description":"Homenagem ao Dia Internacional da \u00c1frica Secretaria Municipal de Educa\u00e7\u00e3o de Osasco\/SP Cerimonial: 8h \u2013 Recep\u00e7\u00e3o e Acolhimento (caf\u00e9) 9h \u2013 Apresenta\u00e7\u00e3o Cultural e Musical : African Singers, grupo musical composto por m\u00fasicos e cantores Angolanos, nesta apresenta\u00e7\u00e3o contando com 5 cantores no grupo. Canto coral \u00e0 Capela. 9h30 \u2013 Fala das autoridades Dr. Antonio Carlos Silva Barros, coordena\u00e7\u00e3o CPPNI, Secretaria de Estado da Justi\u00e7a Prof. Claudio Piteri, Secret\u00e1rio Municipal de Educa\u00e7\u00e3o, Osasco\/SP Dr. Rog\u00e9rio Lins, Prefeito de Osasco\/SP 10h00 \u2013 Apresenta\u00e7\u00e3o Cultural e Musical: Dois africanos, grupo de Hip Hop, composto por Opai Big Big, do Benin e Izi Mistura, do Togo (Voz e Viol\u00e3o e apresenta\u00e7\u00e3o de v\u00eddeo clip)10h30 \u2013 Palestra 1: Prof\u00ba Odair Marques da Silva: \u2013 Exposi\u00e7\u00e3o \u201cA import\u00e2ncia da \u00c1frica no curr\u00edculo escolar\u201d&nbsp; Prof. Dr. Odair Marques da Silva, mestrado na FEM-Unicamp, doutorado na UTAD-Portugal, autor do livro \u201cAtlas Geocultural da \u00c1frica. (Com apresenta\u00e7\u00e3o de v\u00eddeo de 5 minutos sobre a \u00c1frica contempor\u00e2nea). 11h &#8211;&nbsp;&nbsp; Palestra 2: &nbsp;\u201c Ampliando Conex\u00f5es: a \u00c1frica Contempor\u00e2nea e o Brasil \u201c Prof. Msc Duncan Chaloba, Mestre em Economia Pol\u00edtica (Internacional) \u2013 PUC-SPEconomista e Professor de Economia &#8211; CEA\/PUC-Campinas (desde 2003)Diretor para Assuntos e Rela\u00e7\u00f5es com \u00c1fricaC\u00e2mara de Com\u00e9rcio Exterior de Campinas e Regi\u00e3oParticipa nas Academias da Organiza\u00e7\u00e3o Internacional do Trabalho (OIT \u2013 ILO) sobre coopera\u00e7\u00e3o Sul-Sul e Triangular 12hs &#8211; Encerramento"}

Homenagem ao "Dia Internacional da África" - africaatual.com.br

<blockquote class="wp-embedded-content" data-secret="avBHjIr1m9"><a href="https://africaatual.com.br/index.php/2022/05/19/homenagem-ao-dia-internacional-da-africa/">Homenagem ao &#8220;Dia Internacional da África&#8221;</a></blockquote><iframe sandbox="allow-scripts" security="restricted" src="https://africaatual.com.br/index.php/2022/05/19/homenagem-ao-dia-internacional-da-africa/embed/#?secret=avBHjIr1m9" width="600" height="338" title="&#8220;Homenagem ao &#8220;Dia Internacional da África&#8221;&#8221; &#8212; africaatual.com.br" data-secret="avBHjIr1m9" frameborder="0" marginwidth="0" marginheight="0" scrolling="no" class="wp-embedded-content"></iframe><script>
/*! This file is auto-generated */
!function(d,l){"use strict";l.querySelector&&d.addEventListener&&"undefined"!=typeof URL&&(d.wp=d.wp||{},d.wp.receiveEmbedMessage||(d.wp.receiveEmbedMessage=function(e){var t=e.data;if((t||t.secret||t.message||t.value)&&!/[^a-zA-Z0-9]/.test(t.secret)){for(var s,r,n,a=l.querySelectorAll('iframe[data-secret="'+t.secret+'"]'),o=l.querySelectorAll('blockquote[data-secret="'+t.secret+'"]'),c=new RegExp("^https?:$","i"),i=0;i<o.length;i++)o[i].style.display="none";for(i=0;i<a.length;i++)s=a[i],e.source===s.contentWindow&&(s.removeAttribute("style"),"height"===t.message?(1e3<(r=parseInt(t.value,10))?r=1e3:~~r<200&&(r=200),s.height=r):"link"===t.message&&(r=new URL(s.getAttribute("src")),n=new URL(t.value),c.test(n.protocol))&&n.host===r.host&&l.activeElement===s&&(d.top.location.href=t.value))}},d.addEventListener("message",d.wp.receiveEmbedMessage,!1),l.addEventListener("DOMContentLoaded",function(){for(var e,t,s=l.querySelectorAll("iframe.wp-embedded-content"),r=0;r<s.length;r++)(t=(e=s[r]).getAttribute("data-secret"))||(t=Math.random().toString(36).substring(2,12),e.src+="#?secret="+t,e.setAttribute("data-secret",t)),e.contentWindow.postMessage({message:"ready",secret:t},"*")},!1)))}(window,document);
</script>

Homenagem ao Dia Internacional da África Secretaria Municipal de Educação de Osasco/SP Cerimonial: 8h – Recepção e Acolhimento (café) 9h – Apresentação Cultural e Musical : African Singers, grupo musical composto por músicos e cantores Angolanos, nesta apresentação contando com 5 cantores no grupo. Canto coral à Capela. 9h30 – Fala das autoridades Dr. Antonio Carlos Silva Barros, coordenação CPPNI, Secretaria de Estado da Justiça Prof. Claudio Piteri, Secretário Municipal de Educação, Osasco/SP Dr. Rogério Lins, Prefeito de Osasco/SP 10h00 – Apresentação Cultural e Musical: Dois africanos, grupo de Hip Hop, composto por Opai Big Big, do Benin e Izi Mistura, do Togo (Voz e Violão e apresentação de vídeo clip)10h30 – Palestra 1: Profº Odair Marques da Silva: – Exposição “A importância da África no currículo escolar”&nbsp; Prof. Dr. Odair Marques da Silva, mestrado na FEM-Unicamp, doutorado na UTAD-Portugal, autor do livro “Atlas Geocultural da África. (Com apresentação de vídeo de 5 minutos sobre a África contemporânea). 11h &#8211;&nbsp;&nbsp; Palestra 2: &nbsp;“ Ampliando Conexões: a África Contemporânea e o Brasil “ Prof. Msc Duncan Chaloba, Mestre em Economia Política (Internacional) – PUC-SPEconomista e Professor de Economia &#8211; CEA/PUC-Campinas (desde 2003)Diretor para Assuntos e Relações com ÁfricaCâmara de Comércio Exterior de Campinas e RegiãoParticipa nas Academias da Organização Internacional do Trabalho (OIT – ILO) sobre cooperação Sul-Sul e Triangular 12hs &#8211; Encerramento
