
{"version":"1.0","provider_name":"africaatual.com.br","provider_url":"https:\/\/africaatual.com.br","title":"Nota de pesar - africaatual.com.br","type":"rich","width":600,"height":338,"html":"<blockquote class=\"wp-embedded-content\" data-secret=\"YUvcFHdveT\"><a href=\"https:\/\/africaatual.com.br\/index.php\/2023\/10\/10\/nota-de-pesar\/\">Nota de pesar<\/a><\/blockquote><iframe sandbox=\"allow-scripts\" security=\"restricted\" src=\"https:\/\/africaatual.com.br\/index.php\/2023\/10\/10\/nota-de-pesar\/embed\/#?secret=YUvcFHdveT\" width=\"600\" height=\"338\" title=\"&#8220;Nota de pesar&#8221; &#8212; africaatual.com.br\" data-secret=\"YUvcFHdveT\" frameborder=\"0\" marginwidth=\"0\" marginheight=\"0\" scrolling=\"no\" class=\"wp-embedded-content\"><\/iframe><script>\n\/*! This file is auto-generated *\/\n!function(d,l){\"use strict\";l.querySelector&&d.addEventListener&&\"undefined\"!=typeof URL&&(d.wp=d.wp||{},d.wp.receiveEmbedMessage||(d.wp.receiveEmbedMessage=function(e){var t=e.data;if((t||t.secret||t.message||t.value)&&!\/[^a-zA-Z0-9]\/.test(t.secret)){for(var s,r,n,a=l.querySelectorAll('iframe[data-secret=\"'+t.secret+'\"]'),o=l.querySelectorAll('blockquote[data-secret=\"'+t.secret+'\"]'),c=new RegExp(\"^https?:$\",\"i\"),i=0;i<o.length;i++)o[i].style.display=\"none\";for(i=0;i<a.length;i++)s=a[i],e.source===s.contentWindow&&(s.removeAttribute(\"style\"),\"height\"===t.message?(1e3<(r=parseInt(t.value,10))?r=1e3:~~r<200&&(r=200),s.height=r):\"link\"===t.message&&(r=new URL(s.getAttribute(\"src\")),n=new URL(t.value),c.test(n.protocol))&&n.host===r.host&&l.activeElement===s&&(d.top.location.href=t.value))}},d.addEventListener(\"message\",d.wp.receiveEmbedMessage,!1),l.addEventListener(\"DOMContentLoaded\",function(){for(var e,t,s=l.querySelectorAll(\"iframe.wp-embedded-content\"),r=0;r<s.length;r++)(t=(e=s[r]).getAttribute(\"data-secret\"))||(t=Math.random().toString(36).substring(2,12),e.src+=\"#?secret=\"+t,e.setAttribute(\"data-secret\",t)),e.contentWindow.postMessage({message:\"ready\",secret:t},\"*\")},!1)))}(window,document);\n<\/script>\n","thumbnail_url":"http:\/\/africaatual.com.br\/wp-content\/uploads\/2023\/10\/387659447_702621227981889_4626224479646568783_n.jpeg","thumbnail_width":467,"thumbnail_height":467,"description":"\u00c9 com tristeza que comunicamos que Amanda Fran\u00e7a, Secret\u00e1ria Executiva de Pol\u00edticas de Promo\u00e7\u00e3o da Igualdade Racial, faleceu na manh\u00e3 de ter\u00e7a-feira, 10\/10\/2023.Mulher forte lutou contra o c\u00e2ncer de p\u00e9! Guerreira lutou at\u00e9 o fim!Mulher preta, soci\u00f3loga, partiu tendo combatido o bom combate! Gestora p\u00fablica com foco em resultados, elevou a luta pela promo\u00e7\u00e3o da igualdade racial e o combate ao racismo na cidade de Osasco e Regi\u00e3o!N\u00f3s da Editora Eiros e equipe do projeto &#8216;\u00c1frica Atual&#8217; agradecemos pelo tempo que fizemos parte de sua hist\u00f3ria.DESCANSE EM PAZ GUERREIRA!#AMANDAPRESENTE"}

É com tristeza que comunicamos que Amanda França, Secretária Executiva de Políticas de Promoção da Igualdade Racial, faleceu na manhã de terça-feira, 10/10/2023.Mulher forte lutou contra o câncer de pé! Guerreira lutou até o fim!Mulher preta, socióloga, partiu tendo combatido o bom combate! Gestora pública com foco em resultados, elevou a luta pela promoção da igualdade racial e o combate ao racismo na cidade de Osasco e Região!Nós da Editora Eiros e equipe do projeto &#8216;África Atual&#8217; agradecemos pelo tempo que fizemos parte de sua história.DESCANSE EM PAZ GUERREIRA!#AMANDAPRESENTE
