
{"version":"1.0","provider_name":"africaatual.com.br","provider_url":"https:\/\/africaatual.com.br","title":"Semin\u00e1rio Municipal pela Promo\u00e7\u00e3o da Igualdade Racial: Direitos Humanos e Antirracismo - africaatual.com.br","type":"rich","width":600,"height":338,"html":"<blockquote class=\"wp-embedded-content\" data-secret=\"BamuCZpTBa\"><a href=\"https:\/\/africaatual.com.br\/index.php\/event\/9869\/\">Semin\u00e1rio Municipal pela Promo\u00e7\u00e3o da Igualdade Racial: Direitos Humanos e Antirracismo<\/a><\/blockquote><iframe sandbox=\"allow-scripts\" security=\"restricted\" src=\"https:\/\/africaatual.com.br\/index.php\/event\/9869\/embed\/#?secret=BamuCZpTBa\" width=\"600\" height=\"338\" title=\"&#8220;Semin\u00e1rio Municipal pela Promo\u00e7\u00e3o da Igualdade Racial: Direitos Humanos e Antirracismo&#8221; &#8212; africaatual.com.br\" data-secret=\"BamuCZpTBa\" frameborder=\"0\" marginwidth=\"0\" marginheight=\"0\" scrolling=\"no\" class=\"wp-embedded-content\"><\/iframe><script>\n\/*! This file is auto-generated *\/\n!function(d,l){\"use strict\";l.querySelector&&d.addEventListener&&\"undefined\"!=typeof URL&&(d.wp=d.wp||{},d.wp.receiveEmbedMessage||(d.wp.receiveEmbedMessage=function(e){var t=e.data;if((t||t.secret||t.message||t.value)&&!\/[^a-zA-Z0-9]\/.test(t.secret)){for(var s,r,n,a=l.querySelectorAll('iframe[data-secret=\"'+t.secret+'\"]'),o=l.querySelectorAll('blockquote[data-secret=\"'+t.secret+'\"]'),c=new RegExp(\"^https?:$\",\"i\"),i=0;i<o.length;i++)o[i].style.display=\"none\";for(i=0;i<a.length;i++)s=a[i],e.source===s.contentWindow&&(s.removeAttribute(\"style\"),\"height\"===t.message?(1e3<(r=parseInt(t.value,10))?r=1e3:~~r<200&&(r=200),s.height=r):\"link\"===t.message&&(r=new URL(s.getAttribute(\"src\")),n=new URL(t.value),c.test(n.protocol))&&n.host===r.host&&l.activeElement===s&&(d.top.location.href=t.value))}},d.addEventListener(\"message\",d.wp.receiveEmbedMessage,!1),l.addEventListener(\"DOMContentLoaded\",function(){for(var e,t,s=l.querySelectorAll(\"iframe.wp-embedded-content\"),r=0;r<s.length;r++)(t=(e=s[r]).getAttribute(\"data-secret\"))||(t=Math.random().toString(36).substring(2,12),e.src+=\"#?secret=\"+t,e.setAttribute(\"data-secret\",t)),e.contentWindow.postMessage({message:\"ready\",secret:t},\"*\")},!1)))}(window,document);\n<\/script>\n","thumbnail_url":"http:\/\/africaatual.com.br\/wp-content\/uploads\/2023\/11\/m_47_0_1_24112023151320.jpeg","thumbnail_width":899,"thumbnail_height":899,"description":"No dia 28 de novembro, ter\u00e7a-feira, \u00e0s 19h, o Pa\u00e7o Municipal de Amparo receber\u00e1 o segundo dia do Semin\u00e1rio Municipal pela Promo\u00e7\u00e3o da Igualdade Racial: Direitos Humanos e Antirracismo. Desta vez, a palestra &#8220;AMPARO: Cuidando da Igualdade e Promovendo Equidade&#8221; ser\u00e1 conduzida pelos renomados palestrantes Marcelo Rezende Bento e Douglas Martins, representantes da empresa Produ\u00e7\u00e3o Preta. A entrada \u00e9 gratuita, fortalecendo o compromisso da cidade com o di\u00e1logo, a conscientiza\u00e7\u00e3o e projetos educacionais. Em celebra\u00e7\u00e3o ao M\u00eas da Consci\u00eancia Negra, a Exposi\u00e7\u00e3o do Projeto \u00c1frica estar\u00e1 em exibi\u00e7\u00e3o no Pa\u00e7o Municipal at\u00e9 o dia 28 de novembro, das 8h \u00e0s 17h. Uma iniciativa que destaca a import\u00e2ncia da cultura africana e afro-brasileira, a exposi\u00e7\u00e3o apresenta pe\u00e7as, artesanatos e desenhos produzidos por alunos das 27 escolas da rede de ensino de Amparo. Durante todo o ano de 2023, professoras, coordenadoras e diretoras das institui\u00e7\u00f5es educacionais lideraram a\u00e7\u00f5es informativas, conscientizadoras e inclusivas. Os alunos participaram ativamente, envolvendo-se em pesquisas, rodas de conversa, brincadeiras e dan\u00e7as, recebendo informa\u00e7\u00f5es valiosas sobre o continente africano. O foco \u00e9 promover a redu\u00e7\u00e3o do preconceito e das desigualdades sociais, ressaltando aspectos positivos da modernidade, tecnologia, diversidade e beleza. A Prefeitura da Est\u00e2ncia de Amparo convida a comunidade a participar desses eventos que visam construir uma sociedade mais justa, igualit\u00e1ria e consciente da import\u00e2ncia da diversidade."}

Seminário Municipal pela Promoção da Igualdade Racial: Direitos Humanos e Antirracismo - africaatual.com.br

<blockquote class="wp-embedded-content" data-secret="BamuCZpTBa"><a href="https://africaatual.com.br/index.php/event/9869/">Seminário Municipal pela Promoção da Igualdade Racial: Direitos Humanos e Antirracismo</a></blockquote><iframe sandbox="allow-scripts" security="restricted" src="https://africaatual.com.br/index.php/event/9869/embed/#?secret=BamuCZpTBa" width="600" height="338" title="&#8220;Seminário Municipal pela Promoção da Igualdade Racial: Direitos Humanos e Antirracismo&#8221; &#8212; africaatual.com.br" data-secret="BamuCZpTBa" frameborder="0" marginwidth="0" marginheight="0" scrolling="no" class="wp-embedded-content"></iframe><script>
/*! This file is auto-generated */
!function(d,l){"use strict";l.querySelector&&d.addEventListener&&"undefined"!=typeof URL&&(d.wp=d.wp||{},d.wp.receiveEmbedMessage||(d.wp.receiveEmbedMessage=function(e){var t=e.data;if((t||t.secret||t.message||t.value)&&!/[^a-zA-Z0-9]/.test(t.secret)){for(var s,r,n,a=l.querySelectorAll('iframe[data-secret="'+t.secret+'"]'),o=l.querySelectorAll('blockquote[data-secret="'+t.secret+'"]'),c=new RegExp("^https?:$","i"),i=0;i<o.length;i++)o[i].style.display="none";for(i=0;i<a.length;i++)s=a[i],e.source===s.contentWindow&&(s.removeAttribute("style"),"height"===t.message?(1e3<(r=parseInt(t.value,10))?r=1e3:~~r<200&&(r=200),s.height=r):"link"===t.message&&(r=new URL(s.getAttribute("src")),n=new URL(t.value),c.test(n.protocol))&&n.host===r.host&&l.activeElement===s&&(d.top.location.href=t.value))}},d.addEventListener("message",d.wp.receiveEmbedMessage,!1),l.addEventListener("DOMContentLoaded",function(){for(var e,t,s=l.querySelectorAll("iframe.wp-embedded-content"),r=0;r<s.length;r++)(t=(e=s[r]).getAttribute("data-secret"))||(t=Math.random().toString(36).substring(2,12),e.src+="#?secret="+t,e.setAttribute("data-secret",t)),e.contentWindow.postMessage({message:"ready",secret:t},"*")},!1)))}(window,document);
</script>

No dia 28 de novembro, terça-feira, às 19h, o Paço Municipal de Amparo receberá o segundo dia do Seminário Municipal pela Promoção da Igualdade Racial: Direitos Humanos e Antirracismo. Desta vez, a palestra &#8220;AMPARO: Cuidando da Igualdade e Promovendo Equidade&#8221; será conduzida pelos renomados palestrantes Marcelo Rezende Bento e Douglas Martins, representantes da empresa Produção Preta. A entrada é gratuita, fortalecendo o compromisso da cidade com o diálogo, a conscientização e projetos educacionais. Em celebração ao Mês da Consciência Negra, a Exposição do Projeto África estará em exibição no Paço Municipal até o dia 28 de novembro, das 8h às 17h. Uma iniciativa que destaca a importância da cultura africana e afro-brasileira, a exposição apresenta peças, artesanatos e desenhos produzidos por alunos das 27 escolas da rede de ensino de Amparo. Durante todo o ano de 2023, professoras, coordenadoras e diretoras das instituições educacionais lideraram ações informativas, conscientizadoras e inclusivas. Os alunos participaram ativamente, envolvendo-se em pesquisas, rodas de conversa, brincadeiras e danças, recebendo informações valiosas sobre o continente africano. O foco é promover a redução do preconceito e das desigualdades sociais, ressaltando aspectos positivos da modernidade, tecnologia, diversidade e beleza. A Prefeitura da Estância de Amparo convida a comunidade a participar desses eventos que visam construir uma sociedade mais justa, igualitária e consciente da importância da diversidade.
