
{"version":"1.0","provider_name":"africaatual.com.br","provider_url":"https:\/\/africaatual.com.br","title":"Centro Cultural Casa de Angola celebra o - 25\/Maio \u2013 Dia Internacional da \u00c1frica - africaatual.com.br","type":"rich","width":600,"height":338,"html":"<blockquote class=\"wp-embedded-content\" data-secret=\"LNn7VjGAxA\"><a href=\"https:\/\/africaatual.com.br\/index.php\/event\/economia-criativa-africana\/\">Centro Cultural Casa de Angola celebra o &#8211; 25\/Maio \u2013 Dia Internacional da \u00c1frica<\/a><\/blockquote><iframe sandbox=\"allow-scripts\" security=\"restricted\" src=\"https:\/\/africaatual.com.br\/index.php\/event\/economia-criativa-africana\/embed\/#?secret=LNn7VjGAxA\" width=\"600\" height=\"338\" title=\"&#8220;Centro Cultural Casa de Angola celebra o &#8211; 25\/Maio \u2013 Dia Internacional da \u00c1frica&#8221; &#8212; africaatual.com.br\" data-secret=\"LNn7VjGAxA\" frameborder=\"0\" marginwidth=\"0\" marginheight=\"0\" scrolling=\"no\" class=\"wp-embedded-content\"><\/iframe><script>\n\/*! This file is auto-generated *\/\n!function(d,l){\"use strict\";l.querySelector&&d.addEventListener&&\"undefined\"!=typeof URL&&(d.wp=d.wp||{},d.wp.receiveEmbedMessage||(d.wp.receiveEmbedMessage=function(e){var t=e.data;if((t||t.secret||t.message||t.value)&&!\/[^a-zA-Z0-9]\/.test(t.secret)){for(var s,r,n,a=l.querySelectorAll('iframe[data-secret=\"'+t.secret+'\"]'),o=l.querySelectorAll('blockquote[data-secret=\"'+t.secret+'\"]'),c=new RegExp(\"^https?:$\",\"i\"),i=0;i<o.length;i++)o[i].style.display=\"none\";for(i=0;i<a.length;i++)s=a[i],e.source===s.contentWindow&&(s.removeAttribute(\"style\"),\"height\"===t.message?(1e3<(r=parseInt(t.value,10))?r=1e3:~~r<200&&(r=200),s.height=r):\"link\"===t.message&&(r=new URL(s.getAttribute(\"src\")),n=new URL(t.value),c.test(n.protocol))&&n.host===r.host&&l.activeElement===s&&(d.top.location.href=t.value))}},d.addEventListener(\"message\",d.wp.receiveEmbedMessage,!1),l.addEventListener(\"DOMContentLoaded\",function(){for(var e,t,s=l.querySelectorAll(\"iframe.wp-embedded-content\"),r=0;r<s.length;r++)(t=(e=s[r]).getAttribute(\"data-secret\"))||(t=Math.random().toString(36).substring(2,12),e.src+=\"#?secret=\"+t,e.setAttribute(\"data-secret\",t)),e.contentWindow.postMessage({message:\"ready\",secret:t},\"*\")},!1)))}(window,document);\n<\/script>\n","thumbnail_url":"http:\/\/africaatual.com.br\/wp-content\/uploads\/2024\/05\/WhatsApp-Image-2024-05-22-at-09.08.46-1.jpeg","thumbnail_width":1024,"thumbnail_height":1280,"description":"&nbsp; 25\/5 no Centro Cultural Casa de Angola, \u00e0 partir das 15h Este dia celebra o continente africano. Foi institu\u00eddo como uma agenda que marca os esfor\u00e7os da maioria de seus 54 pa\u00edses contra a explora\u00e7\u00e3o e invas\u00f5es europ\u00e9ias no continente. A proposi\u00e7\u00e3o foi aprovada em assembl\u00e9ia da Organiza\u00e7\u00e3o de Unidade Africana em 1972, atual Uni\u00e3o Africana. Tamb\u00e9m com a ades\u00e3o da ONU, que motiva a celebra\u00e7\u00e3o em todos os pa\u00edses do mundo. A atividade ser\u00e1 no s\u00e1bado, 25 de maio de 2024, a partir das 15:00 horas. O Atlas Geocultural da \u00c1frica convida os leitores: \u201cincentive a celebra\u00e7\u00e3o desta importante refer\u00eancia \u00e0s reconex\u00f5es entre o Brasil e o continente africano\u201d. E, a Editora Eiros disponibiliza nesta celebra\u00e7\u00e3o a publica\u00e7\u00e3o da 2\u00aa edi\u00e7\u00e3o atualizada do atlas(2024). Tenha um exemplar desta publica\u00e7\u00e3o em sua escola e enrique\u00e7a a comunidade escolar com informa\u00e7\u00f5es qualificadas e inovadoras sobre as \u00c1fricas."}

Centro Cultural Casa de Angola celebra o - 25/Maio – Dia Internacional da África - africaatual.com.br

<blockquote class="wp-embedded-content" data-secret="LNn7VjGAxA"><a href="https://africaatual.com.br/index.php/event/economia-criativa-africana/">Centro Cultural Casa de Angola celebra o &#8211; 25/Maio – Dia Internacional da África</a></blockquote><iframe sandbox="allow-scripts" security="restricted" src="https://africaatual.com.br/index.php/event/economia-criativa-africana/embed/#?secret=LNn7VjGAxA" width="600" height="338" title="&#8220;Centro Cultural Casa de Angola celebra o &#8211; 25/Maio – Dia Internacional da África&#8221; &#8212; africaatual.com.br" data-secret="LNn7VjGAxA" frameborder="0" marginwidth="0" marginheight="0" scrolling="no" class="wp-embedded-content"></iframe><script>
/*! This file is auto-generated */
!function(d,l){"use strict";l.querySelector&&d.addEventListener&&"undefined"!=typeof URL&&(d.wp=d.wp||{},d.wp.receiveEmbedMessage||(d.wp.receiveEmbedMessage=function(e){var t=e.data;if((t||t.secret||t.message||t.value)&&!/[^a-zA-Z0-9]/.test(t.secret)){for(var s,r,n,a=l.querySelectorAll('iframe[data-secret="'+t.secret+'"]'),o=l.querySelectorAll('blockquote[data-secret="'+t.secret+'"]'),c=new RegExp("^https?:$","i"),i=0;i<o.length;i++)o[i].style.display="none";for(i=0;i<a.length;i++)s=a[i],e.source===s.contentWindow&&(s.removeAttribute("style"),"height"===t.message?(1e3<(r=parseInt(t.value,10))?r=1e3:~~r<200&&(r=200),s.height=r):"link"===t.message&&(r=new URL(s.getAttribute("src")),n=new URL(t.value),c.test(n.protocol))&&n.host===r.host&&l.activeElement===s&&(d.top.location.href=t.value))}},d.addEventListener("message",d.wp.receiveEmbedMessage,!1),l.addEventListener("DOMContentLoaded",function(){for(var e,t,s=l.querySelectorAll("iframe.wp-embedded-content"),r=0;r<s.length;r++)(t=(e=s[r]).getAttribute("data-secret"))||(t=Math.random().toString(36).substring(2,12),e.src+="#?secret="+t,e.setAttribute("data-secret",t)),e.contentWindow.postMessage({message:"ready",secret:t},"*")},!1)))}(window,document);
</script>

&nbsp; 25/5 no Centro Cultural Casa de Angola, à partir das 15h Este dia celebra o continente africano. Foi instituído como uma agenda que marca os esforços da maioria de seus 54 países contra a exploração e invasões européias no continente. A proposição foi aprovada em assembléia da Organização de Unidade Africana em 1972, atual União Africana. Também com a adesão da ONU, que motiva a celebração em todos os países do mundo. A atividade será no sábado, 25 de maio de 2024, a partir das 15:00 horas. O Atlas Geocultural da África convida os leitores: “incentive a celebração desta importante referência às reconexões entre o Brasil e o continente africano”. E, a Editora Eiros disponibiliza nesta celebração a publicação da 2ª edição atualizada do atlas(2024). Tenha um exemplar desta publicação em sua escola e enriqueça a comunidade escolar com informações qualificadas e inovadoras sobre as Áfricas.
